f(p) = 268*p - 5. Let z be f(6). Suppose 11*a + z = 18*a. What is the hundreds digit of a?
2
Suppose 3*w = -6, -2*b + 3*w = 3*b - 21. Let t(x) = 10 + 2*x - 2 - 11 + 3*x**2. What is the units digit of t(b)?
0
Let h = -249 + 268. Let b be 33*((-20)/(-6) + -2). Let d = b + h. What is the tens digit of d?
6
Suppose 5*s + 23 = 63. Suppose 0 = 13*r - s*r - 330. What is the units digit of r?
6
Let s(k) = k**2 - 13*k + 18. Let l be s(10). Let h = -76 - -119. Let v = h - l. What is the units digit of v?
5
Suppose -32*b = -34*b - 12. Let z(r) = 10 - r**2 - 2*r + 2*r**2 + 4*r. What is the units digit of z(b)?
4
Suppose -i - 1378 = -4*i - 2*n, 3*n = 2*i - 923. What is the hundreds digit of i?
4
Suppose -37*k + 3910 = -32*k. What is the tens digit of k?
8
Let i be (-4 - (-12 - -3))*1 + 4. Let c(x) = -x**2 - 6*x - 2. Let h be c(-3). Suppose h*g - i*g = -90. What is the tens digit of g?
4
Let i be 2/(-2) - (-22 + 21). Suppose -3*z - 88 = -2*p - i*z, -4*p - 2*z = -160. What is the units digit of p?
1
Let b(a) = 17*a**2 + 16*a - 41. What is the tens digit of b(8)?
7
Let b(d) = -d**2 - d + 2. Let q be b(-2). Suppose 3*s + 0*s - 12 = q, 140 = 5*z - 5*s. What is the tens digit of z?
3
Let v(r) = r**3 + 2*r**2 - 4*r + 1. Let q be v(-3). Let t = 4 - 1. Let o = q - t. What is the units digit of o?
1
Suppose 5*p - 274 = 191. Suppose -5*t = -4*t - p. What is the tens digit of t?
9
Let t(f) be the third derivative of -f**6/120 - f**5/12 + 3*f**4/8 - 13*f**3/6 + 6*f**2. What is the tens digit of t(-8)?
0
Suppose 3*l + 28 = -16*x + 18*x, -3*x = -4*l - 40. What is the units digit of x?
8
Suppose -j - 2*j = 5*j. Suppose 0 = -k + 2*l + 114, j*k + 5*l = 2*k - 232. What is the tens digit of k?
0
Suppose -2407 = -4*t - 5*k, k = 5*t + 569 - 3585. What is the hundreds digit of t?
6
Suppose 30*k + 33*k - 15183 = 0. What is the units digit of k?
1
Let k be (-2)/13 + 277632/(-312). What is the tens digit of (0 + 1)/((-5)/k)?
7
Let c = 26 + -21. Suppose 2*r - 20 = -3*t + c, 30 = 2*t + 4*r. What is the units digit of t?
5
Let i(w) = -w**2 - 2. Suppose 0 = f - 0*f. Let b be i(f). What is the units digit of ((-3)/b)/(4/8)?
3
What is the hundreds digit of 279/(-2)*(-2 + 4/(-6))?
3
Let y(u) = 3*u - 4*u + 0*u. Let z be y(-5). Suppose 2*d + 12 = -2*w + z*w, 4*w + 5*d = 16. What is the units digit of w?
4
Let s = 72 + -128. Let c = s - -192. Suppose 16*o = 12*o + c. What is the tens digit of o?
3
Let g = -13 - -13. What is the tens digit of (g + -384)*2/(-4)?
9
Let f(q) = -4*q**2 + 6*q - 4. Let m be f(-3). Let d = 17 - m. What is the tens digit of d?
7
Suppose 0 = -12*h + 1012 + 2900. What is the tens digit of h?
2
Suppose 4*u = 2*u + 430. What is the hundreds digit of u?
2
Let y be 3 + (0 - 3) + 3. Suppose -5*i - 2 - y = 0. What is the units digit of ((-3)/1)/(i/3)?
9
Let d(z) = -z - 6. Let n(i) be the first derivative of -2*i**3/3 - 3*i**2 - 3*i + 3. Let m be n(-4). What is the units digit of d(m)?
5
Suppose -121 = -2*z + 111. What is the tens digit of z?
1
What is the tens digit of 4 + ((-331)/(-2))/(33/198)?
9
Let s(l) = -l + 12. Let w be s(4). Suppose 0 = -i + 5*i - w. Suppose -i*v - 3*v + 100 = 0. What is the tens digit of v?
2
Suppose -205 - 74 = -3*a. Let u = a - 66. What is the units digit of u?
7
Let d be (-1 + 2)*3 + 2. Let k(g) = g**3 - 5*g**2 + 6. Let i be k(d). Suppose 0 = u - 3 - i. What is the units digit of u?
9
Suppose -v - 1 = -2*v. Let r = 16 + -16. Suppose r = -a - v + 5. What is the units digit of a?
4
Suppose -2*n + 106 = -n + 3*b, -5*n + 465 = 2*b. Let w = n + -9. What is the tens digit of w?
8
Let s be (9 + -8)*(1 - 1). Suppose 3*q - 6 = s, -3*q + 224 = 4*x - q. What is the tens digit of x?
5
Let z = 393 - -104. What is the hundreds digit of z?
4
Let w(o) = -34*o**3 + 3*o + 2. Let s be (4 - 1/1) + -4. What is the units digit of w(s)?
3
Let x = 4 + -7. Let b be 3*(6 - 0)*7/63. What is the tens digit of 56 - ((3 - b) + x)?
5
Let d(u) = -359*u + 123. What is the thousands digit of d(-5)?
1
What is the tens digit of 698 - 2/(-14)*-77?
8
Suppose -38246 = -32*d + 19322. What is the units digit of d?
9
Let y = 1017 - 718. What is the units digit of y?
9
Let p = 155 + -48. What is the tens digit of p?
0
Let v be (-9)/3 - ((-1 - 2) + -2). What is the tens digit of 80 - v/(-5)*-5?
7
Let h(p) = 76*p**2 + p**3 - 79*p**2 + 16*p - 34 + 8. What is the units digit of h(6)?
8
Let t be 20 - (-2 - (-1 + -1)) - 0. Suppose -u = 2*u - 5*v - 298, 5*v - t = 0. What is the tens digit of u?
0
Let s(v) be the third derivative of -23*v**4/24 + 5*v**3 + 28*v**2. What is the units digit of s(-5)?
5
Let r(o) = -2*o**2 + 5*o + 2. Suppose -10*y + 5*y = -20. Let d be r(y). What is the units digit of (-2 - d)*1/2?
4
Suppose 4*g - 3*g - 543 = -5*w, 2252 = 4*g + 4*w. Suppose 24 = -3*y - 3*r, 49 = 3*y - 8*y + 4*r. What is the units digit of (-6)/y - g/(-12)?
8
Let w(z) = z**2 - z. Let x be 15/6*6/5. Let l be (-24)/(-9)*x/(-2). What is the tens digit of w(l)?
2
Suppose -6*w = -9*w - 33. Let c = 30 + w. Let d = -11 + c. What is the units digit of d?
8
Let f(o) = 3*o**3 - o**2 - o + 1. Let h be f(1). Suppose -87 = -r - h. What is the tens digit of r?
8
Suppose 4*r = -4*k, -4*k + 4*r + 7 = -k. What is the units digit of (k/3)/((-7)/(-693))?
3
Let u(t) = 4*t - 16 - 14 + 27. What is the units digit of u(6)?
1
Let h = 99 - 69. Suppose 2*o - 60 = h. What is the tens digit of o?
4
Let t(k) = -k**2 + 9*k + 3. Let v = -18 + 28. Let n be t(v). Let x = n - -17. What is the units digit of x?
0
Let z(h) = -h**3 + 10*h**2 - h - 18. Let i be z(8). Suppose 0 = -o + i + 8. What is the units digit of o?
0
Let x = -56 + 61. What is the units digit of x?
5
What is the tens digit of 1916/3 + (-38)/57?
3
Let v(c) = -c**3 + 5*c**2 + c - 3. Let m be v(5). Suppose -m*f = -5*f + 582. What is the units digit of f?
4
Let i(a) = 2*a**3 - 6*a**2 - 14*a + 39. What is the units digit of i(7)?
3
Suppose -5*l - 3*d = -2655, -5*l - 14*d + 10*d = -2660. What is the tens digit of l?
2
Let w(o) = -23*o - 3. Let n be w(-3). Let p be (((-17)/4)/(-1))/((-33)/(-2508)). Suppose l - n = -0*l - 2*k, 3*k - p = -5*l. What is the tens digit of l?
6
Let j = 54 + -53. What is the tens digit of j/7 - 519*20/(-105)?
9
Suppose -18051 = -22*g - 2783. What is the hundreds digit of g?
6
Let i(l) = -160*l - 207. What is the thousands digit of i(-11)?
1
Suppose -3*h = 5*f - 22, -4*f = h - 16 + 4. Let a = -116 + 275. Suppose -a = -f*q - 65. What is the units digit of q?
7
Let p be (-1 - 3)*35/((-56)/8). What is the units digit of p/6*672/10?
4
Let q(j) = -j**3 + 14*j**2 - 12*j + 3. Let u be 4 + -4 - (-15 + 2/1). What is the tens digit of q(u)?
1
Suppose 4*d - 458 = -246. What is the units digit of d?
3
Let a = 1194 + -382. What is the tens digit of a?
1
Let w(r) = r**2 + 9*r + 28. Let n be w(-5). Suppose n*v = -2*x + 4*v + 270, -505 = -4*x - v. What is the hundreds digit of x?
1
Let z be 1142/(8/32 - (-14)/8). Suppose 5*a - 5*t - z = a, 616 = 4*a + 4*t. What is the hundreds digit of a?
1
Let k(t) = -t - 1. Let o be k(3). Let n(g) = g**2 + 3*g + 6. What is the tens digit of n(o)?
1
Suppose o = -4*o + 20. Suppose 23 - 3 = o*y. Suppose -3*g = 5*n - 37, -2*g + 45 = 3*g + y*n. What is the units digit of g?
4
Let a = 476 - 273. What is the hundreds digit of a?
2
Suppose 0 = x - 2*x - 19. Let g be ((-168)/(-2))/((-24)/(-16)). Let f = g + x. What is the tens digit of f?
3
Suppose -7*q - 21 = -420. Let l = 47 + q. What is the units digit of l?
4
Let g = 1170 + 2130. What is the thousands digit of g?
3
Suppose s = -2*k + 6*k - 289, 215 = 3*k + s. Let m be (-16)/k - 182/(-9). Suppose -2*b + 5*j = -28, 0*b - m = -3*b + 2*j. What is the units digit of b?
4
Let p(z) = -z + 15. Let m(x) = -3*x - 3. Let o be m(-5). Let v be p(o). Suppose 0*y + 138 = v*y. What is the tens digit of y?
4
Let r(l) = -l**3 - l + 16. Let y be r(0). What is the units digit of 26 + 0 + y/(-4)?
2
Suppose -58*a = -203955 + 53909. What is the units digit of a?
7
Suppose 0 = -5*r - 2*p, p = -5*r + 4*p. Suppose 0 = -2*w - 3*s + 4 + 5, -4*s - 4 = r. What is the units digit of w?
6
Suppose -r + 0 - 1 = 0. Let w be r - -4 - (-6 - -14). What is the units digit of (w/15)/(1/(-6))?
2
What is the thousands digit of (138/12 + -13)/(1/(-2262))?
3
Suppose 7*v = -o + 3*v - 8, -3*v + 11 = 5*o. Suppose -7 = -o*q + 1